pose 3*k - 386 = -4*t, 23 = -t + 28. Calculate the remainder when 422 is divided by k.
56
Let f = -4076 - -4214. What is the remainder when f is divided by 84?
54
Let c be 12/(-5*(-6)/(-15)). What is the remainder when 419 is divided by (-3)/(c/(-24)*-1)?
11
Let u = -19 - -371. What is the remainder when (4 + u/(-12))/((-2)/12) is divided by 80?
72
Let i be 174/(-203)*(-5138)/4. Let o = -1090 + i. Calculate the remainder when 1*(-2 - -1)*-46 is divided by o.
2
Let r = -68963 - -68973. Suppose 0 = -4*v - 4*z + 444, -3*v + 2*z = 4*z - 329. Calculate the remainder when v is divided by r.
7
Let r(f) = -10*f - 119. Let c be r(-12). What is the remainder when -5 + 14 + -5 + 164*c is divided by 43?
39
Let a(f) = -3*f + 14. Let t be (2/(-3))/(7/(-63)). Let n be a(t). Calculate the remainder when 52 is divided by 13 + 7/(7/n).
7
What is the remainder when 1432 is divided by (-17 - -2)*(6/(-10) - 4228/140)?
46
Suppose 25 = 4*s - 11. Let l(t) be the second derivative of t**4/4 - 7*t**3/2 + 49*t**2 + 29*t. Calculate the remainder when l(6) is divided by s.
8
Suppose -4*o + 283*y - 287*y + 744 = 0, -2*o - 4*y + 360 = 0. What is the remainder when 6716 is divided by o?
188
Let i(c) = -20*c + 12 + 32*c - 10*c. What is the remainder when i(16) is divided by 15?
14
Let d = 505 - 211. Let g = d + -224. Calculate the remainder when g is divided by ((-16)/(-5))/(4/30).
22
Calculate the remainder when 973 is divided by (-4)/12*(8 + -375 + (-11 - -9)).
112
Let v(t) = t**2 - 65*t + 1072. Suppose 1 = x - 7. Calculate the remainder when v(34) is divided by x.
2
Suppose -56 = q - 5*q. Suppose 2328 = -104*y + 201*y. What is the remainder when y is divided by q?
10
Suppose 15 = 5*q - 150. Calculate the remainder when 26774/(-9736)*1*-68 is divided by q.
22
Let n(m) = -m**3 - 3*m**2 + 8*m. Let h be n(-6). Let v = 63 - h. What is the remainder when 62 is divided by v?
2
Let q = -1076 + 1242. Calculate the remainder when q is divided by 95.
71
Let a = -22 - -27. Suppose a*h + 25 - 219 = 3*i, 2*i = -2*h + 68. Let u = h + -33. What is the remainder when 9 is divided by u?
1
Suppose 5*m + 2*s = -18, -3*m - 4 = m - s. Let r be ((-3)/m)/(12/136). Suppose -r*h + 8*h = -288. Calculate the remainder when h is divided by 19.
13
Suppose 6 = -5*s - 3*k - 0*k, -2*s - 5*k = 10. Suppose -5*o = 4*g - 339, -2*g + 3 - 11 = s. What is the remainder when 637 is divided by o?
69
Let w = 3 - -1. Let q be 4/(7/(-2)*4/(-35)). Suppose -52 = -3*b - q. Calculate the remainder when b is divided by w.
2
Let k(h) = -42*h + 176. Let s be k(11). Let n = s + 304. What is the remainder when 106 is divided by n?
16
Suppose 4*q + 1671 = 5*i, 0 = 2*q - 2*i + 463 + 371. Let b = -396 - q. Calculate the remainder when 158 is divided by b.
14
Suppose 2*q = -3*q + 90. Let h = -194 - -196. Calculate the remainder when (-852)/(-12) - (h/2)/1 is divided by q.
16
Let w = -56 + 76. Let r(n) = -n**3 + 21*n**2 - 19*n + 43. Let z be r(w). Let k = -60 + z. Calculate the remainder when 11 is divided by k.
2
Let o = -525 + 525. Suppose -8944 = -43*w - o*w. What is the remainder when w is divided by 10?
8
Let z(c) = -c**3 - 3*c**2 - 2*c + 2. Let v be z(-3). Calculate the remainder when 330/12 + ((-4)/v - 1) is divided by 22.
4
Let k be 2/(-5 - (-17)/3). Suppose -k*b + 12 = -2*b. What is the remainder when 69 is divided by b?
9
Let a = 280 + -278. Suppose -5*x + 0*l = a*l - 74, -4*x + 52 = -2*l. Calculate the remainder when 50 is divided by x.
8
What is the remainder when 442 is divided by 25/((-350)/(-2919)) - 2/4?
26
Suppose 4*f = 25*a - 29*a + 168, 3*f = -2*a + 78. What is the remainder when 102 is divided by a?
6
Suppose 0 = -3*s + 8*s - 5. Let j be (1*-3)/(8/11 - s). What is the remainder when 21 is divided by (j/(-3) - -4)/((-3)/(-108))?
9
Let i(n) = -n**3 - 2*n**2 - n - 53. Let p be (-55)/5 + (-5 - -10). What is the remainder when i(p) is divided by 20?
17
Let j(s) = 3*s**2 - 15*s - 104. Let v be (36/(-30))/(6/(-160)). Suppose 0*u = -2*u + v. What is the remainder when j(-6) is divided by u?
14
Let d = -275 - -286. Suppose -d*w = -34*w + 1219. Calculate the remainder when 262 is divided by w.
50
Let y = -7142 + 8052. What is the remainder when y is divided by 115?
105
Suppose f = -6*u + 11*u + 230, 3*f - u = 746. What is the remainder when f is divided by 137?
113
Calculate the remainder when 632/(-553) - 5728/(-14) is divided by 40.
8
Let q(k) = 54*k - 590. Calculate the remainder when 36 is divided by q(11).
0
Calculate the remainder when 952 is divided by 26108/2354 - 1/11.
6
Let c = 306 - 301. What is the remainder when 232 is divided by (2/c)/((-32)/(-5120))?
40
Let f = 220 - 92. Calculate the remainder when f is divided by ((-5)/6)/((-1)/12).
8
Suppose 9*q - 43*q + 69 = -951. Suppose 5*t + u - 570 = -2*u, 2*t = 4*u + 254. Let l = t - q. Calculate the remainder when l is divided by 9.
6
Let w = 6 - -33. Let d = w - 55. Let i(h) = h**3 + 15*h**2 - 19*h - 20. What is the remainder when 81 is divided by i(d)?
25
Suppose 183*p - 2671 = -69 + 8744. What is the remainder when p is divided by 60?
2
Let a(k) = -34*k + 443. Let l(v) = -17*v + 222. Let d(o) = -3*a(o) + 5*l(o). Calculate the remainder when 781 is divided by d(18).
85
Let b(h) = -11*h + 10. Let g be b(-5). Let z = g - 56. Suppose 0 = j + 5*q - 9 - 6, -8 = -4*q. What is the remainder when z is divided by j?
4
Let h(d) = 14*d - 14 - 32 - 26 - 23 - 53. Calculate the remainder when h(14) is divided by 19.
10
Suppose 342 = 2*k - 0*k - 4*u, 0 = -u + 3. Let h = k + -98. What is the remainder when h is divided by 36/102*(-680)/(-12)?
19
Suppose -4*g + 330 - 138 = 0. Let r = 50 + 32. What is the remainder when r is divided by g?
34
Let c(a) = a + 167. Let z(w) = -8394*w + 92347. What is the remainder when c(0) is divided by z(11)?
11
Let k(c) = c**3 + 6*c**2 - 5*c - 20. Let l be k(-6). Calculate the remainder when 174/8*4/1 is divided by (l/20)/(1/44).
21
Let m = -134 + 737. Suppose m = -3*v + 723. What is the remainder when 878 is divided by v?
38
Suppose -90*k = -146*k - 114*k + 850. Let w(x) = x**3 + 9*x**2 - 5*x + 5. Calculate the remainder when w(-8) is divided by k.
4
Let l = -168 + 173. Suppose -f = -s + 17, -3*f + 29 = -3*s + l*s. What is the remainder when 159 is divided by s?
15
Suppose 0 = -23*g + 43 + 3. Suppose -6*l + 3*l + 855 = 4*s, -s + 200 = -g*l. What is the remainder when s is divided by 17?
6
Let y = 243 - 198. Suppose 6*o - 3*o = y. Calculate the remainder when 265 is divided by o.
10
Suppose 4*k = -k, 0 = 3*d + 5*k + 15. Let u(h) = 2*h**2 - h - 1. Let m be u(d). What is the remainder when ((-9)/(-2) + -4)*m is divided by 10?
7
Calculate the remainder when 882 is divided by ((-126)/70 + 3)/((-957)/320 + 3).
114
Suppose -145 = 5*c - 410. Suppose -c*z + 52*z = -221. What is the remainder when z is divided by 16?
13
Suppose 44*g - 264 = 11*g. Let y = 159 - 90. What is the remainder when y is divided by g?
5
Let p = -517 + 1062. Let i = 563 - p. Calculate the remainder when 75 is divided by i.
3
Let a be 6/27 - (-169)/9. Let v = a + 16. Calculate the remainder when v is divided by 10.
5
Let a(v) = 11*v + 7*v**2 + 7*v**2 - 20*v**2 + 52 + 5*v**2. Calculate the remainder when 32 is divided by a(14).
2
Let j(w) = 6*w**2 + 334*w - 7625. Calculate the remainder when j(22) is divided by 24.
11
Suppose -16*q + 48*q - 384 = 20*q. What is the remainder when 1447 is divided by q?
7
Suppose 268 = 5*x + h, -133*x + 3*h + 256 = -128*x. Calculate the remainder when 350 is divided by x.
32
Calculate the remainder when 2800/11 - ((-126)/(-11))/21 is divided by 239.
15
Let w(l) = l**3 - 40*l**2 - 26*l - 457. Calculate the remainder when w(41) is divided by 30.
8
Let a = -195 - -192. Calculate the remainder when 7 is divided by 6 + (-6 - a) - 1.
1
Let i(m) = m**3 - 9*m**2 - 10*m + 4. What is the remainder when 12/44 + ((-1542)/(-33) - -8) is divided by i(10)?
3
Calculate the remainder when 258 is divided by (-252)/54 + (-1781)/(-39).
12
Let b(v) = 9*v**2 + 2*v - 8. Let m be b(7). Suppose x = 4*x - m. Calculate the remainder when x is divided by (76/(-4))/((-6)/12).
35
Let c = -319 - -278. Let k = c + 81. What is the remainder when 114 is divided by k?
34
Let p = 1608 - 1526. What is the remainder when 708 is divided by p?
52
Let y(k) = 3*k**2 - 2*k + 6. Suppose 0 = 